/((-2)/(-82)). Let j = w + 57. What is the units digit of j?
6
Let h = -15 - -18. Let v(p) = 7 - h + 3 + p**2 + 2 - 10*p. What is the tens digit of v(12)?
3
Suppose 3*q = 0, 4*y + 2*q - 14020 = -3*q. What is the tens digit of y?
0
Let b = -1307 - -2234. What is the hundreds digit of b?
9
Let v(t) = t - 5. Let g be v(-7). Let o = g + 8. What is the tens digit of (14/o - -3)*-24?
1
Let u = 236 - 124. Let h be u/((-4)/(-4)) - 1. Suppose -4*k - 27 = -5*n - 118, -n = -4*k + h. What is the tens digit of k?
2
Let s(n) = 2*n**2 + 4*n - 1. Let r be 33/7 - (-14)/49. What is the tens digit of s(r)?
6
Let k(i) = i**2 - 14*i + 18. Let m be k(13). Let n(y) = m*y - y + 13 - y. What is the units digit of n(10)?
3
What is the units digit of (-68)/(-2)*(4 + -5 - -3)?
8
Let l = -270 - -709. Suppose -2969 = -10*b - l. What is the units digit of b?
3
Let v be 114 + 1 + (25 - 24). Suppose -k = -3*k + v. What is the units digit of k?
8
Let m = 35 - -262. What is the units digit of m?
7
Suppose -5*u - 5 = -15. Suppose 0 = -u*y + 2*x + 44, -x + 90 = 4*y - 3*x. Let h = -21 + y. What is the units digit of h?
2
What is the tens digit of 1 + 2/(-1) + -4 - -943?
3
Suppose -4*r + 2*j - 598 = 0, j + 2*j = 3*r + 441. Let t = -98 - r. What is the tens digit of t?
5
Suppose 0 = 21*j - 20*j + 236. Let n = j - -354. What is the tens digit of n?
1
Suppose 2*g + 5*t - 22 + 4 = 0, 2*g - 2*t - 4 = 0. Suppose g*i + 2*i - 486 = 0. What is the units digit of i?
1
Let a(f) = 4*f**2 + 13*f + 12. Let c(q) = 9*q**2 + 25*q + 24. Let o(n) = -13*a(n) + 6*c(n). What is the units digit of o(11)?
1
Suppose 14*a = -22*a + 21096. What is the tens digit of a?
8
What is the hundreds digit of -1 + -1 + 519 + 12/(-3)?
5
Let n = 17 + -2. Let g = n + 24. Let i = 73 - g. What is the tens digit of i?
3
Let g = -86 - -59. Let l = 7 - g. Suppose 7*w - l = 6*w. What is the tens digit of w?
3
Let v(o) = -6*o**2 + 19*o + 30. Let a(c) = 4*c**2 - 13*c - 20. Let j(b) = -7*a(b) - 5*v(b). What is the tens digit of j(-3)?
2
Let b be (-1)/((4 + -2)/(-42)). Suppose 4*y = -93 + b. Let n = y - -40. What is the units digit of n?
2
Let m(d) = 245*d - 58. Let f be m(13). Suppose -13*v - 878 = -f. What is the hundreds digit of v?
1
Let j(k) = -23*k**2 - 2*k + 2. Let c be j(1). Let h = c - -48. Let p = -17 + h. What is the units digit of p?
8
Suppose 4*u - 4*j = 356, 4*u + 5*j = -42 + 389. What is the tens digit of u?
8
Suppose -4*u - 3*t = -5*t + 82, 0 = 5*u - 4*t + 104. Let y be ((-30)/u)/((-6)/28). What is the tens digit of -4 - (y*10 - 1)?
6
Let r = -72 - -68. Let i(n) = 8*n**2 - 2. Let l(j) = 9*j**2 - 2. Let o(t) = 6*i(t) - 5*l(t). What is the units digit of o(r)?
6
Let p be (1710/27)/((-2)/(-3)). Suppose -p = -5*s + 195. What is the units digit of s?
8
Let n = 395 - 265. Let w = n + -66. What is the tens digit of w?
6
Let t be (-1 - -1) + 1/(-1) + 19. What is the units digit of (140/30)/(1/t)?
4
Let n be (-647)/(-2) - 2/(-4). Suppose 0 = 3*k + 9, -2*d + 13 = 3*d + 4*k. Suppose -69 = d*v - n. What is the tens digit of v?
5
Let m(k) = 2*k + 5. Let t be (96/60)/(1/(-5)). Let g be m(t). Let n = g - -22. What is the units digit of n?
1
Let t(x) = -x**3 - 12*x**2 + x - 7. Let b be t(-12). Let s = 24 - b. What is the tens digit of s?
4
Let x(i) = i**2 + i + 5. Let h be x(0). Let d be ((-2)/4 + 0)*0. Suppose 2*c - h*c + 51 = d. What is the units digit of c?
7
Let f(n) = 3*n**2 + 1. Let o be f(-1). Suppose -o*t - 2*g + 30 = t, -2*t = g - 13. What is the tens digit of -4*((-8)/4 - t)?
2
Let h(r) = r**3 - 37*r**2 - 34*r - 29. What is the units digit of h(38)?
3
Let y = -58 - 24. Let w = 45 - y. What is the tens digit of w?
2
Let b(i) = -19*i + 27. Let a = -65 - -61. What is the tens digit of b(a)?
0
Let n(c) = 115*c - 350. What is the tens digit of n(5)?
2
Suppose -8527 - 4450 = -19*b. What is the tens digit of b?
8
Let j = 2496 - 1352. What is the units digit of j?
4
Let z(j) = 2*j**3 + 3*j**2 - 2*j + 2. Let r(o) = o**3 + 2*o**2 - 5*o - 4. Let y be r(-3). What is the units digit of z(y)?
6
Suppose 4*g - g = 21. Suppose -5*j = -g*j + 62. What is the units digit of j?
1
Let c(f) = 8*f - 33. Let o(t) = -15*t + 67. Let u(h) = -5*c(h) - 2*o(h). What is the units digit of u(-6)?
1
Let g be -3 + (-65 - 1)/3. What is the units digit of ((-10)/2)/(5/g)?
5
Let c(f) = 3*f**2 + 2*f + 2. Let g(j) = -j. Let m(v) = c(v) - 3*g(v). What is the tens digit of m(4)?
7
Let y(q) = 182*q**2 - 3. What is the units digit of y(2)?
5
Let v = -1151 + 1646. What is the tens digit of v?
9
Let l be 1221/(-2)*24/(-18). Suppose -5*b = -3*u - l, -4*u = 2*b + b - 500. What is the units digit of b?
4
Let v(f) = -2*f**2 - 2*f - 3. Let j be v(-2). Let d = j - -7. Suppose d = 6*r - 7*r + 25. What is the units digit of r?
5
Let j = 282 + -168. What is the hundreds digit of j?
1
Let x(i) = 175*i + 330. What is the hundreds digit of x(4)?
0
What is the units digit of (35/30)/(1/6)?
7
Let u(d) be the second derivative of -d**3 + 6*d - 7/2*d**2 + 0 - 1/20*d**5 + 3/4*d**4. What is the units digit of u(8)?
9
Let a(f) = f**2 + 2*f + 1. Let c be a(-5). Let l = 25 - c. What is the units digit of l?
9
Let b(x) = 9*x + 1. Let r be b(-1). What is the units digit of 87/6 - r/(-16)?
4
Let k = -33 - -79. Let g = k - 94. What is the units digit of g/1*(-10)/15?
2
Let f = -167 + 168. What is the units digit of f?
1
Let d(g) = -g**3 + 28*g**2 + 24*g - 40. Let a be d(29). Let s = a + 412. What is the units digit of s?
7
Suppose 4*a - n - 417 = 0, -4*a + 0 = 5*n - 411. Let g be (-34)/5*(-5)/4*-6. Let x = a + g. What is the units digit of x?
3
Suppose 11 + 33 = 4*b. Let q = b + 37. What is the units digit of q?
8
What is the tens digit of (318/10)/(15/75)?
5
Let i(w) = -6 + 2 - 4*w + 5*w - 28*w. What is the units digit of i(-3)?
7
Let c = 19 - 27. Let d = c + 11. Suppose 7*a - d*a = 172. What is the units digit of a?
3
What is the tens digit of -1 + 4/(-4) - (-5049)/9?
5
Suppose -5*y + 0*z = -2*z - 353, y - 5*z - 89 = 0. Let h = -35 + y. What is the tens digit of h?
3
Suppose 2*m - 4*u = 3434, 2*m - 3054 = 3*u + 382. What is the units digit of m?
1
Suppose 1148 - 93 = w. What is the units digit of w?
5
Let g(v) = 47*v**2 - 21*v + 32. What is the tens digit of g(-9)?
2
Let y(m) = -m**2 - 8*m - 8. Let q be y(-6). Suppose -5*g + q = -11. Suppose -g*r + 2*u = -41, -5*u = -2*r + 8 + 34. What is the units digit of r?
1
Let v be (-2)/6 - 1592/(-6). Suppose 0*o + v = 5*o. What is the units digit of o?
3
What is the units digit of (44/6)/(7 - 482/69)?
6
Let b(w) = 197*w - 454. What is the tens digit of b(15)?
0
Suppose 14008 = 17*q - 7242. What is the thousands digit of q?
1
Let q be -2*1*5*5/(-10). What is the units digit of ((-13)/(-3))/(q*1/15)?
3
Let y(p) = 17*p**2 - 8*p - 38. What is the hundreds digit of y(-6)?
6
Let g(y) = y**2 + 14*y - 2. Let x be g(-11). Let k be (80/12*-3)/(-2). What is the units digit of -1 - x - (12 - k)?
2
Suppose -32*l = -34*l + 290. Let z = l + -119. What is the units digit of z?
6
Let f = -175 - -112. Let l = 125 + f. What is the tens digit of l?
6
Suppose 2*j = -2*j. Suppose -5*d + 15 + j = 0. Suppose 5*s + d*y = 77, -5*s + 74 + 8 = -2*y. What is the tens digit of s?
1
Let x(f) = -21*f - 48. Let v(c) = c**2 + 10*c - 44. Let r be v(-13). What is the units digit of x(r)?
7
Let h be ((-4)/6)/(2/(-51)). Let r = h + -14. Suppose 34 + 18 = r*x + 5*j, -x = 2*j - 17. What is the tens digit of x?
1
Let u = 867 - 611. What is the units digit of u?
6
Let c(g) = 140*g + 167. What is the tens digit of c(2)?
4
Let q(r) = r + 4. Let g be q(-3). Let z be -117*(-4 + 3)/g. Suppose -4*t + z - 33 = 0. What is the units digit of t?
1
Suppose -d + 25 = 3*l, -d = -3*l + 3*d + 50. Let o(h) = -h**2 + 15*h - 5. What is the units digit of o(l)?
5
Suppose 1014 = 5*g - 1291. What is the hundreds digit of g?
4
Suppose -5*d = -t - 6*d - 3, 0 = 2*t + 5*d + 21. Suppose 0 = -l + t, -2*l = -h + 37 + 85. What is the hundreds digit of h?
1
Suppose -813 - 969 = -3*q. What is the units digit of q?
4
Suppose -3*a + 4*w = 8, -a + 2 - 12 = -5*w. Suppose a = -2*p - p + 159. What is the tens digit of p?
5
Let q = 4 - 2. Suppose 2*p = -3*i + 165, -2*i = 2*p + 3*i - 163. Suppose q*w - 5*h + h - p = 0, -132 = -3*w + 3*h. What is the units digit of w?
6
Let b = 5 + -15. Let k = -12 - b. What is the units di